{"id":447,"date":"2023-12-01T13:18:55","date_gmt":"2023-12-01T13:18:55","guid":{"rendered":"https:\/\/ivasa.com.gt\/?post_type=product&#038;p=447"},"modified":"2024-01-09T14:37:00","modified_gmt":"2024-01-09T14:37:00","slug":"molienda","status":"publish","type":"product","link":"https:\/\/ivasa.com.gt\/?product=molienda","title":{"rendered":"Molienda"},"content":{"rendered":"<p>Es un proceso fundamental en diversas industrias, especialmente en la producci\u00f3n de alimentos, qu\u00edmicos, farmac\u00e9uticos, minerales y otros productos.<\/p>\n<p>Existen varios equipos de molienda dise\u00f1ados para triturar, moler o reducir el tama\u00f1o de diferentes materiales. Contamos con experiencia en los siquientes equipos:<br \/>\n<br \/><\/br><\/p>\n<ul>\n<li>Molinos de martillos<\/li>\n<li>Molinos de bolas<\/li>\n<li>Trituradores<\/li>\n<li>Cribas de repuesto<\/li>\n<\/ul>\n","protected":false},"excerpt":{"rendered":"<p>Es un proceso fundamental en diversas industrias, especialmente en la producci\u00f3n de alimentos, qu\u00edmicos, farmac\u00e9uticos, minerales y otros productos. Existen varios equipos de molienda dise\u00f1ados para triturar, moler o reducir el tama\u00f1o de diferentes materiales. Contamos con experiencia en los siquientes equipos: Molinos de martillos Molinos de bolas Trituradores Cribas de repuesto<\/p>\n","protected":false},"featured_media":448,"template":"","meta":[],"product_cat":[23],"product_tag":[],"_links":{"self":[{"href":"https:\/\/ivasa.com.gt\/index.php?rest_route=\/wp\/v2\/product\/447"}],"collection":[{"href":"https:\/\/ivasa.com.gt\/index.php?rest_route=\/wp\/v2\/product"}],"about":[{"href":"https:\/\/ivasa.com.gt\/index.php?rest_route=\/wp\/v2\/types\/product"}],"version-history":[{"count":2,"href":"https:\/\/ivasa.com.gt\/index.php?rest_route=\/wp\/v2\/product\/447\/revisions"}],"predecessor-version":[{"id":606,"href":"https:\/\/ivasa.com.gt\/index.php?rest_route=\/wp\/v2\/product\/447\/revisions\/606"}],"wp:featuredmedia":[{"embeddable":true,"href":"https:\/\/ivasa.com.gt\/index.php?rest_route=\/wp\/v2\/media\/448"}],"wp:attachment":[{"href":"https:\/\/ivasa.com.gt\/index.php?rest_route=%2Fwp%2Fv2%2Fmedia&parent=447"}],"wp:term":[{"taxonomy":"product_cat","embeddable":true,"href":"https:\/\/ivasa.com.gt\/index.php?rest_route=%2Fwp%2Fv2%2Fproduct_cat&post=447"},{"taxonomy":"product_tag","embeddable":true,"href":"https:\/\/ivasa.com.gt\/index.php?rest_route=%2Fwp%2Fv2%2Fproduct_tag&post=447"}],"curies":[{"name":"wp","href":"https:\/\/api.w.org\/{rel}","templated":true}]}}